Calculate the remainder when n is divided by g(2).
1
Let o = 105 + 78. Calculate the remainder when o is divided by 46.
45
Suppose 3*d = 7*d - 4. Suppose 7*g = -2*g + 243. What is the remainder when g is divided by (-2)/d - -2 - -7?
6
Let r(x) = -56*x - 143. Calculate the remainder when r(-8) is divided by 9.
8
Let c = 51 + -41. Calculate the remainder when (3 + 35)*6/4 is divided by c.
7
Suppose 38 = 2*z - u - 59, 5*z = -3*u + 270. Calculate the remainder when z is divided by 20.
11
Let c = -108 + 125. Suppose 0 = 4*k + 4*t - 116, 0 = -k - 2*k + 5*t + 111. What is the remainder when k is divided by c?
15
Let q(d) = 13*d**2 - 5*d - 17. What is the remainder when 83 is divided by q(-2)?
38
Suppose 3*i + 0*d - 2304 = 4*d, 5*i + 3*d - 3840 = 0. What is the remainder when i is divided by 14?
12
Suppose -3*q + 582 = 3*f - 63, -4*f - 900 = -4*q. Suppose -32*l + 22*l = -q. What is the remainder when 131 is divided by l?
21
Let k(q) = q**3 - 31*q**2 + 13*q - 398. What is the remainder when 23 is divided by k(31)?
3
Let k(g) = g - 26. Let y be k(19). Calculate the remainder when (2 + y)*((-204)/20)/3 is divided by 6.
5
Suppose 0 = -4*z, -4*z + 263 = 4*c - 353. Calculate the remainder when c is divided by 77.
0
Suppose 3*p = 5*p - 90. Let o = 142 + -4. Let a = o - p. Calculate the remainder when a is divided by 24.
21
Suppose d - 18 = -4*p, 0 = 16*p - 15*p + 3. Calculate the remainder when d is divided by 21.
9
Let c be (-2)/3*15/(-2). Let f = c + 4. Let a = -4 + f. Calculate the remainder when a is divided by 4.
1
Suppose 3*f + 0 = -4*v + 5, -3*f = 15. Suppose -2*z + 0*z = 3*n - 31, -2*n - v*z = -28. Calculate the remainder when 15 is divided by n.
6
What is the remainder when ((-1244)/18)/(9/(486/(-6))) is divided by 7?
6
Suppose 0 = 5*c + 5*r + 227 + 28, 5*c + 267 = r. Let g = c - -129. Suppose 4*n + g = 8*n. Calculate the remainder when n is divided by 11.
8
Let b = 2392 - 2310. Calculate the remainder when b is divided by 21.
19
Let m = 1050 - 998. Calculate the remainder when 358 is divided by m.
46
Suppose -33 = -3*b + 87. What is the remainder when b is divided by (-4 - 130/(-35)) + (-158)/(-14)?
7
Suppose 9*v - 1487 = 466. What is the remainder when v is divided by 73?
71
Calculate the remainder when 5 + (-207)/(-36)*(-32)/(-1) is divided by 36.
9
Suppose 2*j = -5*j - 35. Calculate the remainder when (j/(-2))/((-1)/(-2)) is divided by 2.
1
Let l(v) = -2*v**2 + 4*v - 2. Let x be l(2). Let d = -140 - -150. Calculate the remainder when d is divided by 52/8 + 1/x.
4
Suppose -2*b = -2*s + 2*b + 2, 0 = -5*s + 5*b + 15. Suppose 3*w - s*w = -24. Calculate the remainder when (66/(-12))/((-3)/18) is divided by w.
9
Let k = -101 + 363. What is the remainder when k is divided by 44?
42
Suppose 0 = -c - 18. Let y = 30 + c. Let n(k) = k**3 - 8*k**2 + 2*k + 18. Calculate the remainder when n(8) is divided by y.
10
Suppose 0*v = v - 24. What is the remainder when v is divided by 6*((-3)/12 + (-42)/(-24))?
6
Let t be ((-12)/20)/(3/(-15)). Suppose b - 4*p + 2*p - 53 = 0, -t*p = 3*b - 114. Calculate the remainder when 214 is divided by b.
42
Let u be 9*(-1)/(-4 + 3). What is the remainder when 68 is divided by (69/u)/(7/21)?
22
Let g be 2/(-2)*(-11 + 6). Let i = g + 3. Suppose -2*k + 60 = 4*v, -4*v = -2*k + 3*k - 60. Calculate the remainder when v is divided by i.
7
Suppose 10*s = -26*s + 432. Calculate the remainder when 258 is divided by s.
6
Let m = 43 + -13. Suppose 0 = -p - p + m. Let v(k) = 2*k**2 + 14*k - 4. Calculate the remainder when v(-10) is divided by p.
11
Suppose -51 = -13*z + 10*z. Calculate the remainder when 80 is divided by z.
12
Let k = 23088 - 23059. Let p(s) = s**3 + 2*s**2 - 3*s + 1. What is the remainder when p(4) is divided by k?
27
Let w be (-4)/(-12)*54/1. Let f = 22 - w. Suppose 0 = -2*k + 6*k - f, -4*k - 96 = -5*c. Calculate the remainder when 57 is divided by c.
17
Suppose 30*j - 1076 = 26*j. Calculate the remainder when j is divided by 46.
39
Suppose 3*x = 3*o + 21, 17 - 2 = 3*o. Calculate the remainder when x is divided by (-1)/8 + 9/(360/485).
0
Suppose 7*k - 7 - 14 = 0. What is the remainder when 1/k + 455/39 is divided by 7?
5
Let h(u) = -u**3 + 44*u**2 + 54*u - 111. What is the remainder when h(45) is divided by 33?
30
Let j be (-18)/63 + 1110/14. Let g be (-3)/1 + 0 + j. Let d = -29 + g. Calculate the remainder when d is divided by 25.
22
Suppose 3*w - 3*h = 54, 5*h + 1 + 32 = 2*w. Let z = w + -5. Calculate the remainder when 26 is divided by z.
12
Let m = -54 - -147. What is the remainder when m is divided by 28?
9
Suppose 5665 = 20*k - 2455. Calculate the remainder when k is divided by 11.
10
Let u be (-272)/(-119) - (-4)/(-14). What is the remainder when 21 is divided by 16*(u + 20/(-16))?
9
Suppose -5*j + 148 = -217. What is the remainder when 436 is divided by j?
71
Let b(d) = d**2 - 58. What is the remainder when b(8) is divided by 6*-1*(-1)/2?
0
Let h(u) = -u**2 - 23*u - 23. Calculate the remainder when h(-15) is divided by 4 - -18 - (-4 + 1).
22
Suppose 344*s - 350*s + 3288 = 0. What is the remainder when s is divided by 10?
8
Suppose -2*d + 3 = 5*b - 20, 16 = d + 4*b. Let g(j) = 2 - 5*j**2 + 18*j + 0*j**2 + d + 6*j**2. What is the remainder when 8 is divided by g(-18)?
2
Let w = 124 + -119. Calculate the remainder when w is divided by 4 + ((-15)/3 - -3).
1
Let w(l) = -l**2 - 3*l + 3. Let b(j) = 2*j - 10. Let z be b(8). Let f = z - -2. What is the remainder when f is divided by w(-2)?
3
Let l(z) = -4*z**3 + 2*z**2 + 5*z + 5. Suppose 8 = -4*k + 5*b, -5*b + 4 = -k - k. What is the remainder when l(k) is divided by 13?
9
Suppose 12 = -0*i + 3*i, 0 = -3*p + 2*i - 362. What is the remainder when (27/(-45))/(p/(-60) + -2) is divided by 2?
0
Suppose -7*k + 6656 = 6*k. What is the remainder when k is divided by 43?
39
Let u(m) = -m + 21. Let r be u(16). Let p be 1*(-9)/3*-1. Suppose p*v = r*x + 109, -3*x + 7*x = -v + 8. Calculate the remainder when 109 is divided by v.
25
Let r(i) = 3*i**2 - 7*i - 10. Let k = -5 - -8. What is the remainder when r(6) is divided by 2/(k/((-57)/(-2)))?
18
Let l = 404 + -276. Calculate the remainder when l is divided by 19.
14
Suppose -5*w - 3*p + 7 = -2, -3*w - 6 = -2*p. Suppose w = -4*z - 98 - 2. Let f = -11 - z. Calculate the remainder when 53 is divided by f.
11
Suppose 5*n - 9*n + 100 = 0. Calculate the remainder when 44 is divided by n.
19
Let v(t) = 2*t**2 + 2*t + 49. Calculate the remainder when 1025 is divided by v(0).
45
Let w = -123 + 123. Suppose w = 7*z - 241 - 18. What is the remainder when z is divided by 20?
17
Let h(g) = -15*g - 2. Let v = -1 - 14. Let z = v + 10. What is the remainder when h(z) is divided by 25?
23
Let l(v) = -2*v**2 + 9*v + 5. Let x be l(4). Suppose 81 = 3*h + x. Calculate the remainder when 119 is divided by h.
23
Let m be (-1*2)/(6/(-69)). Suppose 5*p + 2*f - 51 = 0, p - f = -2*p + 24. Suppose -2*b + p = -m. What is the remainder when 31 is divided by b?
15
Suppose 3*s + 45 = 9. Let n = 15 + s. Suppose -8 - 13 = -n*l. What is the remainder when 19 is divided by l?
5
Let h(u) = 7*u**2 + u + 2. Suppose -m + 24 = -39. Calculate the remainder when m is divided by h(2).
31
Suppose -5*m = 2 - 62. Let s = -93 - -95. Suppose -s*w + 65 = w + r, w - 27 = r. What is the remainder when w is divided by m?
11
Suppose -5*s = -4*p - 0*p - 15, 2*p - 5*s = -15. Suppose p*b - 46 = -2*b. Suppose -48 = -4*q - 0*q. Calculate the remainder when b is divided by q.
11
Let s = -12 + 31. Suppose -4*v + 304 = -4*h, v = -3*v - 3*h + 290. What is the remainder when v is divided by (-3)/(35/s + -2)?
17
Let h be (-6)/(-5*(-10)/25). Suppose -2 + 8 = p. Let f = p + h. Calculate the remainder when 5 is divided by f.
2
Suppose 10*l - 5*l - x - 11895 = 0, -3*x + 9516 = 4*l. What is the remainder when l is divided by 17?
16
Let r(w) = 4*w. Let h be r(1). Suppose 0 = -h*b - b - 4*p + 46, 2*b - 5*p = -8. What is the remainder when 16 is divided by b?
4
Suppose 5*o = -5, -p + 5*p - 3*o - 23 = 0. Suppose p*z = 50 - 10. Calculate the remainder when 23 is divided by z.
7
Let k = 139 + -226. Let o = k + 131. Suppose o = 5*t - 6. What is the remainder when 18 is divided by t?
8
Suppose 2*q - 245 = 7*q. Let s = 10 - q. What is the remainder when s is divided by 20?
19
Let s(r) = -7 + 4*r + 48 - 2*r. W